-47. Suppose 3*u - k = 205, -3*k = -2*u - 5*k + 150. Let i = u - s. Calculate the remainder when i is divided by 11.
8
Let x = -113 + 121. Suppose a - 90 = -4*y, -3*y - 455 = -x*a + 4*a. What is the remainder when a is divided by 38?
34
Let o(b) = -14*b - 2. Suppose -y = -3*i + 70, -2*y - 2*y + 65 = 3*i. Calculate the remainder when o(-5) is divided by i.
22
Calculate the remainder when (42/63)/((-2)/(-132)) is divided by 58/4 - (4 - (-77)/(-14)).
12
Suppose 0*i - 80 = 3*o - i, i - 108 = 4*o. Let r = o + 20. What is the remainder when 3 is divided by 1 + (-4)/(r/2)?
1
Let j be 4/10*5 - 5. Calculate the remainder when 47 is divided by (-2)/j - 441/(-27).
13
Let l = -7 - -9. Let m(v) = v**2 + 7*v + 3. Let u be m(-7). Suppose y + 5*z = -u*y + 48, -y = 5*z - 27. Calculate the remainder when y is divided by l.
1
Calculate the remainder when 669 is divided by (-128)/(-12) - (4 + (-70)/30).
3
Suppose 21021 = 12*d + 21*d. What is the remainder when d is divided by 20?
17
Suppose 3 = k - 6. Let u(i) = -8*i + k*i + 6*i. Calculate the remainder when 20 is divided by u(1).
6
Let b(k) = -k**2 - 17*k + 209. Calculate the remainder when b(-15) is divided by 2.
1
Let c(f) = f**3 - 5*f**2 + 2*f - 7. Let x(p) = -p**2 + 12*p - 8. What is the remainder when c(7) is divided by x(7)?
24
Calculate the remainder when 92/(-6)*1*(-99)/22 is divided by 18.
15
Suppose 10*s - 311 = -11. Let f be (-2)/3 - (-34)/(-3). Let v = s + f. Calculate the remainder when 49 is divided by v.
13
Let v = 6 - 1. Let b = -7 - -5. Calculate the remainder when ((-2)/(-5))/(b/(-95)) is divided by v.
4
Let k(j) = 9*j**2 - 50*j - 26. What is the remainder when k(8) is divided by 81?
69
Let y = 35 + -5. Let k(u) = -2*u**3 - 9*u**2 - u + 4. Let i(n) = -n + 2. Let t be i(8). What is the remainder when k(t) is divided by y?
28
Let b = -56 - -98. Let h = -64 - -71. Let d = b + h. Calculate the remainder when d is divided by 25.
24
Let v = 2 + 7. Suppose 3*h - 22 = -2*d, -4*d + 11 = -h + 9. Calculate the remainder when v is divided by h.
3
Suppose 11*f = 6*f + 30. Suppose -2 = -4*l + f, -4*q + 4*l + 328 = 0. What is the remainder when 49 is divided by (-2)/(-12) - (-826)/q?
9
Suppose 22*k - 766 = -84. What is the remainder when 61 is divided by k?
30
Let r(u) = 68*u**2 + 4*u + 2. Calculate the remainder when r(-1) is divided by 26.
14
Suppose 3*x = 5*x - 38. Suppose o - x = 118. What is the remainder when o is divided by 23?
22
Suppose -7*v + 104 = -3*v. Suppose 2*m - 6 = -2*h - 2*m, -2*h + 2*m + 30 = 0. Calculate the remainder when v is divided by h.
4
Let d be (-48)/30 + (-3)/(-5). Let c = 1 - d. Suppose l - 2 = -0. Calculate the remainder when c is divided by l.
0
Let q(v) = -v**3 + 7*v**2 - v + 4. Calculate the remainder when q(6) is divided by 0*2*(-4)/24 + 12.
10
Suppose -20*h = -45*h + 19350. What is the remainder when h is divided by 21?
18
Suppose 0 = -5*v + 162 + 333. Let f = -37 + 62. What is the remainder when v is divided by f?
24
What is the remainder when 60 is divided by (2 + 76)/3 - (-1 - -5)?
16
Let g(r) = r**2 - 14*r - 46. Let a be g(17). Suppose 4*o + a*f = 6*o - 28, -4*f = 3*o - 19. Calculate the remainder when 10 is divided by o.
1
Suppose -4*l - 5*d + 286 = -2, 4*d = -2*l + 150. Suppose 3*v + 88 = 8*v - 3*t, 4*t = 5*v - 89. What is the remainder when l is divided by v?
16
Let p be ((-1)/(-3))/((-6)/(-54)). Let x(u) = p*u**3 - 2*u**3 - 9*u**2 - 4 + 12. Calculate the remainder when x(9) is divided by 2.
0
Let k = 9 + -23. Let a = 13 + k. Calculate the remainder when (-2)/a + 38*1 is divided by 21.
19
Let b(c) = -c**3 - 3*c**2 - 2*c - 3. Let r(m) = 4*m + 76. Calculate the remainder when r(-4) is divided by b(-4).
18
Suppose 39*l - 9 = 42*l. Let z(m) = m**2 - 6*m - 1. Let x be z(5). Calculate the remainder when l + x*55/(-15) is divided by 7.
5
Suppose 5*w + 2*k = 427, 0*k + 16 = -4*k. Suppose q = -8 + w. What is the remainder when q is divided by 21?
16
Let d = -5 + 11. Let n = 13 - 2. Calculate the remainder when 4*1/d*48 is divided by n.
10
Let l = 19 + -8. Suppose 0 = 161*v - 155*v - 234. Calculate the remainder when v is divided by l.
6
Suppose -5*v + 36 - 21 = 0. Let y(k) = -2*k + 18. Calculate the remainder when 43 is divided by y(v).
7
Let w(g) = 49*g - 18. Let i = 2 - -14. Calculate the remainder when w(1) is divided by i.
15
Suppose -7*p + 6*p = -25. Let o = -17 + p. Let l(z) = z**3 - 9*z**2 + 10*z + 1. Calculate the remainder when 30 is divided by l(o).
13
Let a(c) = c**2 - 3*c - 5. Let k(r) = 4 - r**2 + 10 - 2*r + 2*r**2. Calculate the remainder when k(-6) is divided by a(6).
10
Let r = 709 + -95. Calculate the remainder when r is divided by 41.
40
Suppose -2*m + 2*b + 98 = 0, -189 = 8*m - 12*m - 3*b. Calculate the remainder when 381 is divided by m.
45
Suppose 5*f + 38 = s, 2*f = 4*s - 2*s - 52. What is the remainder when 119 is divided by s?
4
Suppose -20*b = -22*b + 6. Suppose -z + 0*z + 1 = b*d, 2*d + 2 = 0. What is the remainder when 14 is divided by z?
2
Suppose d - 13 = 5*t, t + 3*d + 15 = -2*t. What is the remainder when ((-7)/(98/21))/(t/28) is divided by 7?
0
What is the remainder when 80736/408 + 2/17 is divided by 4?
2
Suppose -3*u = -5*u + 8. Suppose 5*p + u*d - 25 = -d, -2*p - d = -11. Suppose -3*h + 33 - p = 0. What is the remainder when h is divided by 5?
4
Suppose 6375 = -14*s + 65*s. Calculate the remainder when s is divided by 9.
8
Suppose -4*a + 40 = a - 4*r, -5*a + 40 = 4*r. Let b be 4/10 - 669/(-15). Suppose -4*g + g + b = 0. Calculate the remainder when g is divided by a.
7
Let a = 39 + -36. Suppose -57 - 93 = -a*d. What is the remainder when d is divided by 14?
8
Suppose 494 = 2*r + 3*r + 2*o, 3*r - 302 = -4*o. Suppose -21 - 78 = -3*q. Calculate the remainder when r is divided by q.
32
Suppose 14 = 3*c - 1. Suppose -y - 3*o - 7 = 0, 0 = c*y - 0*o + 4*o - 20. Calculate the remainder when 26 is divided by (-2)/y + 111/12.
8
Suppose 0*t = -4*t + 48. Calculate the remainder when 70 is divided by (-5 - -25)*t/10.
22
Suppose 3*c = -5*m + 229, -79 = -c - 3*m - 0*m. Let b = 17 + -3. Calculate the remainder when -2 + -2 + c + -1 is divided by b.
12
Suppose 2*g - 44 = -n - 3*g, 3*g = 5*n - 192. Suppose 2*x - 63 = n. Calculate the remainder when x is divided by 11.
7
Suppose -3900 = -27*z - 1443. What is the remainder when 3638 is divided by z?
89
Let r = -154 + 279. Calculate the remainder when r is divided by 28.
13
Suppose 5*i - 22 = 2*z, -24 = 4*z + 2*i + 20. Let k(c) = -c**3 - 10*c**2 + 5*c - 14. What is the remainder when k(z) is divided by 14?
10
Calculate the remainder when 258 is divided by (2 - (-131)/2) + 105/(-42).
63
Suppose 5 = t + 7. What is the remainder when 18 is divided by (-1)/t - (5 + 310/(-20))?
7
What is the remainder when (5 - 870/(-18))*(13 - 1) is divided by 129?
124
Let f(c) = -11*c**3 - 18*c - 88. What is the remainder when f(-4) is divided by 53?
52
Let z = -20 - -46. Suppose 2*f = -0*f + z. Suppose 30*v + 16*v - 1562 + 412 = 0. Calculate the remainder when v is divided by f.
12
Let l(d) = -13*d - 1. Let k be l(3). Let r = -32 - -62. Calculate the remainder when r is divided by (10 + 0)*(-64)/k.
14
Let i(s) = -s + 2. Let p be i(0). Calculate the remainder when 120/4*(p - 1) is divided by 11.
8
Suppose -88 = c - 5*c. What is the remainder when 20 is divided by 238/c + (-6)/(-33)?
9
What is the remainder when (1/(-3))/(30/(-6570)) is divided by 30?
13
Suppose 180 = 5*k + 15*k. What is the remainder when k is divided by 2?
1
Suppose 2*a - 8 = 5*g + 4, 2*a - 3*g - 12 = 0. Let w be 18*(2/a - 1). What is the remainder when 9 is divided by (-8)/w - (-14)/6?
0
Let l(d) = -d - 3. Let r be l(-5). Suppose -3*y - 20 = -r. Let g(z) = -z**2 - 6*z + 2. What is the remainder when 2 is divided by g(y)?
0
Suppose 17*j - 19*j = -2*s + 244, -2*s - j = -232. What is the remainder when s is divided by 74?
44
Let z = 35 - 5. Suppose -4*d - 5*v = -3*v - z, -4*d - v + 25 = 0. Let h = 2 + 2. What is the remainder when d is divided by h?
1
Let a = -19 + 18. What is the remainder when 27 is divided by 16 - a - (-1 + 1)?
10
Suppose u - 2*t - 5 = 11, 0 = -3*u + t + 43. Calculate the remainder when 0 + -3 + 280/(-6 + 13) is divided by u.
9
Suppose -53 = -y + 4*k, 5*k - 2*k - 12 = 0. Calculate the remainder when 200 is divided by y.
62
Let v = -113 - -28